f + -104. What is the tens digit of l?
0
Suppose 0 = 7*w + 8 + 195. Let r be -21 + -7 + (-10)/2 + 2. Let b = w - r. What is the units digit of b?
2
Suppose 0 = 12*v - 1625 + 617. Let z = 122 - v. Suppose 0 = -z*p + 36*p + 138. What is the tens digit of p?
6
Let g = -92 + 94. Suppose -g*l = 3*f - 69, -4*l - 20 - 67 = -3*f. Suppose -f*z = -30*z + 1375. What is the hundreds digit of z?
2
Suppose -130*w + 137*w = 385. What is the thousands digit of ((-1470)/(-24))/(w/1848)?
2
Let n = 43 - -110. Let f = 193 - n. What is the tens digit of f?
4
Let d(z) be the second derivative of 11*z + 4*z**2 + 0*z**3 + 0 - 1/20*z**5 - 1/3*z**4. What is the tens digit of d(-7)?
5
Let v = -556 - -1365. Let l = v - 241. What is the tens digit of l?
6
Suppose 0 = -2*z - 0*z - 14. Let w be (-3)/z - 24840/(-56). Suppose -2*t - 4*t = -w. What is the units digit of t?
4
Let p = 1686 - -4499. What is the units digit of p?
5
Let z(y) be the third derivative of y**5/60 + 3*y**4/8 - y**3 - 2*y**2 - 7*y. What is the units digit of z(-26)?
6
Let d be (2/(-2) + -255)*(-27)/18. What is the tens digit of d/15 - (-22)/55?
2
Let q(p) = -33*p - 136. Let o be q(-18). Let s = 232 + o. What is the tens digit of s?
9
Let z(v) = v**3 - 9*v**2 - v - 10. Suppose 2*n - 10 - 4 = 3*o, -4*n - 2*o = -28. Suppose r - t - n = 3, t = -r + 10. What is the units digit of z(r)?
0
Let m(n) = -n**3 - 4*n**2 + 5*n + 11. Let y be m(-5). Suppose 0 = -11*u + y - 209. What is the tens digit of 1/(u/6 + 764/254)?
2
Let q(j) = -2*j**2 - 81*j + 48. Let l be -44 - (-6)/((-24)/(-28)). What is the tens digit of q(l)?
0
Let o = -50707 + 82625. What is the units digit of o?
8
Suppose -538*p + 533*p - 5*u + 125240 = 0, 5*p + 4*u - 125234 = 0. What is the tens digit of p?
4
Suppose 0 = -2*h + 4*n + 47510, -3*n - 5544 = -5*h + 113259. What is the thousands digit of h?
3
Let d = 6979 + -1857. What is the units digit of d?
2
Suppose 39*m = 37*m + 14. Suppose 3*c + 48 = m*c. What is the units digit of 2*c/28*70?
0
Suppose 88515 = 24*m - 90357. What is the hundreds digit of m?
4
Let y(l) = -l**2 + 12*l + 1. Let a be (-1)/(-5) + (-1920)/(-150). Let s be y(a). What is the hundreds digit of (-923)/(-4) - (-3 - 33/s)?
2
Let q(g) = -g**2 + 11*g - 26. Let p be q(5). Suppose 3*r = -5*d - r + 19, -3*r = p*d - 16. What is the units digit of (-158)/(-8)*(d - 3)?
9
Let h be (-1916)/(-14) - 7/(-49). Let f = 159 - h. What is the tens digit of f?
2
Let j(h) = h**3 - 4*h**2 - 9*h + 25. Let v be j(5). What is the units digit of v/4*(-4 - -416)?
5
Let s be 93/(-62)*(-16)/(-6) - -38. Suppose s*p - 5*p = 15109. What is the units digit of p?
1
Suppose 5*w + 3000 = 3*a, 0 = 3*a + 4*w - 1477 - 1577. What is the tens digit of a?
1
Let g(p) = -p**2 - p + 12. Let c be g(0). Suppose 8*x - c*x + 364 = 0. Suppose v - x + 3 = 0. What is the units digit of v?
8
Suppose 0 + 10 = 5*c. Suppose -5*z + 20 = 0, -2*f + 2*z = c*f + 8. Suppose -4*s + 12*s - 720 = f. What is the tens digit of s?
9
Suppose 51*f + 46*f - 2233471 - 4574668 = 0. What is the hundreds digit of f?
1
Let k(s) = 2*s**3 - 13*s**2 - 24*s - 30. Suppose 8*t - 9*t = -11. What is the tens digit of k(t)?
9
Suppose -143*r + 144*r - 3*p = 735, 0 = -p + 3. What is the hundreds digit of r?
7
Let n(f) = -20*f + 76. Let r be n(26). Let p be 4/28 + r/(-28). What is the units digit of (-209)/2*p/(-8)?
9
What is the thousands digit of (-94192)/(-15) - 3/(-9) - 108/135?
6
Suppose -5*k = 0, -117816 = -5*r + k - 34106. What is the thousands digit of r?
6
Let s = 5 + -3. Let h = -11550 + 12451. Suppose j + 6 = -s*j, 0 = -5*w - 2*j + h. What is the units digit of w?
1
Let y(p) = -101*p - 1141. What is the tens digit of y(-43)?
0
Let s(r) = -r**3 - 11*r**2 - 15*r - 16. Let o be s(-9). Let a = o + 45. Suppose -a*p + 2*j - 226 = -6*p, -5*p = 5*j - 290. What is the units digit of p?
5
Let n be (2 - (1 + -4))/(6/216). Suppose -174*f + n*f = 2130. What is the units digit of f?
5
Suppose 53 = 7*u + 242. What is the hundreds digit of (-13629)/u - 8/36*-1?
5
Suppose -11*z = -10*z - 4004. What is the hundreds digit of 10/(-25) - 1/((-10)/z)?
4
Let a = 161549 + -76697. What is the tens digit of a?
5
Let h(x) = -5*x**3 + 47*x**2 + 67*x + 53. What is the ten thousands digit of h(-13)?
1
What is the ten thousands digit of 190506/(-9)*(-159)/106?
3
Suppose 72377 = 4*r - 308403. What is the thousands digit of r?
5
Suppose -3*a + 4*x + 24911 + 15546 = 0, 4*a - 4*x = 53944. What is the ten thousands digit of a?
1
Suppose -3 = -v, 0 = 30*f - 26*f - 4*v. Suppose f*h = 3*y + 1488, 4*h - 2480 = -h - 5*y. What is the units digit of h?
6
Suppose -p - 326 = -1252. Suppose p + 4694 = 20*d. What is the hundreds digit of d?
2
Let j(d) = -3*d**3 - d**2 + 3*d + 3. Let g(s) = s**3 + s**2. Let k(u) = -4*g(u) - j(u). Let a be k(-3). Suppose 3*r + 0*r = a. What is the units digit of r?
2
Let f(m) = 196*m**3 - m + 2. Suppose -2*i + 3 = 1. What is the hundreds digit of f(i)?
1
Suppose 2*h + d = -405, -13*h - 4*d - 414 = -11*h. Let u = h - -299. What is the units digit of u?
8
Suppose 2*m - 2*w = 95194, 11*m - 3*w + 95179 = 13*m. What is the thousands digit of m?
7
Suppose -2*p = -0*p + 612. Suppose 3*j = a - 5371, -5*j - 5040 = -2*a + 3912. What is the tens digit of (0 - j/12) + 51/p?
4
Suppose 5*f = -4*m - 10, 5*f - 4*m = 28 + 2. Suppose -j - 2 = -f*j. Suppose 0 = 5*w + 3*b - 162, 0 = -w - 5*b + j*b + 30. What is the tens digit of w?
3
Suppose 2*m - 4*g = -14, 0 = 5*m + 50*g - 51*g - 1. What is the hundreds digit of ((-308)/(-84))/(-2*m/(-510))?
9
Suppose -4*f + 96 = 5*w - f, -5*w + 86 = -2*f. Suppose 3*l - 7 = 2, -4*k - 2*l + w = 0. What is the tens digit of -3*54/(-4) - k/2?
3
Let z be (-12)/(-20) + -1 + (-224)/(-10). Let x = z - -31. Suppose 0 = 2*y + 3*a - 142 + x, -5*y + a = -180. What is the tens digit of y?
3
What is the thousands digit of 3/12 + (2428602/(-8))/(-31)?
9
What is the tens digit of (-42)/(-21) - 4446/(-1)?
4
Let w(t) = -62*t**3 - 30*t**2 - 3*t + 21. What is the units digit of w(-6)?
1
Let k be (7 - 4)*(4 - 85/15). What is the hundreds digit of (4695/(-5) + k)*-1?
9
Suppose 3*p + 7 = 4*q, -5*p + 3*p - 14 = -5*q. Let g = p + 172. What is the tens digit of g?
7
Let i(v) = -v**3 + 8*v**2 - 15*v + 5. Let z be i(5). Suppose 5*n = -d + 632, -z*d - 5*n + 4880 = 1700. What is the units digit of d?
7
What is the tens digit of 3 + 1/(-6 + 5)*-3761?
6
Let v = -38 - -28. Let f be -10 - v - 1*-23. Suppose f*i = 21*i + 350. What is the units digit of i?
5
Let j be -1*((-481)/(-5) + -2)/((-6)/(-20)). Let a = 29 - 108. Let f = a - j. What is the hundreds digit of f?
2
Let c be -5*4057/(-15) + (-6)/(-9). Suppose -11*n = -14*n + c. What is the tens digit of n?
5
Suppose 3289 = 5*x - 3*d, 5*x = 3*x + 2*d + 1318. What is the units digit of x/10 - (-12)/(-20)?
5
Suppose 0 = 4*u + t + 180, -t - 45 = -0*u + u. Let h = -67 - u. What is the units digit of ((-3)/(-2))/((-1)/h)?
3
Let s(b) = -5*b - 33. Let p be s(-6). Let c(d) = -429*d - 44. What is the thousands digit of c(p)?
1
What is the hundreds digit of (-4)/(-7) + 7710810/609?
6
Suppose 0 = -4*v + 5*u - 10*u + 197, v - u = 47. Suppose 4*g = -5*k + v, 4*g - 2*k - 15 = 33. Suppose -g*y = -11*y - 84. What is the units digit of y?
4
Let o be 2/(-7) + 4442/14. Let d = 545 - o. What is the tens digit of d?
2
Let f be (0/(3/1))/(4 + 0). Let u be -10 - -12 - (0 - 1). Suppose f = -u*z + 92 - 29. What is the units digit of z?
1
Let g be 1/(84/(-24)) - 10/14. Let r(a) = 343*a**2. What is the tens digit of r(g)?
4
Let w(i) = 2*i**2 + 109*i + 5387. What is the hundreds digit of w(-125)?
0
Let r be (-6)/(30/(-15325)) - 4 - -5. What is the units digit of 5*2/((-7)/(r/(-15)))?
2
Suppose -n + 38 = -2*v, 2*v + 20 = -5*n - 6. Let q = v - 3. What is the units digit of (-1311)/q + (27/(-21))/3?
2
Let k = -3054 + 1822. Let n = 2558 + k. What is the tens digit of n?
2
Let d(b) = 50*b - 2306 + 2232 - 297*b. What is the hundreds digit of d(-4)?
9
Let h = -31287 - -45699. What is the hundreds digit of h?
4
What is the tens digit of (-15032)/(-4) + 12/1?
7
Let v be 3 + -6 + 2 + 3. Let k be 4*(v - (-28)/(-16)). What is the units digit of ((-8)/32)/(k/(-4))?
1
What is the thousands digit of (7353 - -2) + (18 - 9) - 9?
7
Let a be (-8)/(-76) + 962/247. Suppose 0 = d - 5*o - 877, -7*o = -d - a*o + 879. What is the tens